
True
Is 19123 composite?
True
Is 12086 prime?
False
Is 52971 composite?
True
Is 52601 composite?
True
Is 1543 prime?
True
Is 929219 prime?
False
Is 109579 prime?
True
Is 148361 prime?
True
Is 1121 composite?
True
Is 185519 a composite number?
False
Is 2186 a prime number?
False
Is 4127 a composite number?
False
Is 36553 composite?
True
Is 1063303 prime?
True
Is 1369811 a prime number?
False
Is 103957 a prime number?
False
Is 1361 a composite number?
False
Is 470581 composite?
True
Is 9511 a prime number?
True
Is 11213 composite?
False
Is 14591 a prime number?
True
Is 1569751 a prime number?
False
Is 44126 prime?
False
Is 7694 a prime number?
False
Is 221251 a prime number?
True
Is 39115 prime?
False
Is 11639 composite?
True
Is 14227 a prime number?
False
Is 1636331 prime?
True
Is 615057 composite?
True
Is 213637 prime?
True
Is 701553 composite?
True
Is 37319 prime?
False
Is 586897 composite?
False
Is 297533 a prime number?
True
Is 176695 a composite number?
True
Is 527 prime?
False
Is 21059 composite?
False
Is 4885669 composite?
False
Is 22531 a prime number?
True
Is 56489 a prime number?
True
Is 54761 a composite number?
True
Is 636239 a composite number?
True
Is 189611 composite?
True
Is 77797 prime?
True
Is 81611 a prime number?
True
Is 2183 a composite number?
True
Is 55163 a composite number?
False
Is 40769 composite?
True
Is 286829 a composite number?
True
Is 45949 a prime number?
True
Is 12791 a composite number?
False
Is 24317 composite?
False
Is 1447085 prime?
False
Is 15233 a composite number?
False
Is 87893 composite?
True
Is 11657 a prime number?
True
Is 245317 a prime number?
True
Is 12023 a composite number?
True
Is 1659766 prime?
False
Is 123001 a prime number?
True
Is 155653 composite?
False
Is 2031563 composite?
False
Is 122999 prime?
False
Is 187 prime?
False
Is 451873 a prime number?
True
Is 726749 a prime number?
False
Is 1029731 a prime number?
True
Is 1673 composite?
True
Is 409 composite?
False
Is 1079957 a prime number?
True
Is 33842 prime?
False
Is 341371 composite?
True
Is 689309 prime?
True
Is 1835 a composite number?
True
Is 2999 prime?
True
Is 83683 prime?
False
Is 2119357 a composite number?
True
Is 90122 prime?
False
Is 165671 prime?
False
Is 116407 prime?
False
Is 46379 prime?
False
Is 36298 prime?
False
Is 55123 a composite number?
True
Is 123191 composite?
False
Is 250433 composite?
False
Is 15338 a composite number?
True
Is 66683 a prime number?
True
Is 33697 composite?
True
Is 1024021 composite?
False
Is 293 prime?
True
Is 16301 a prime number?
True
Is 16963 a composite number?
False
Is 2459 prime?
True
Is 2213923 prime?
True
Is 2133359 a composite number?
True
Is 87215 prime?
False
Is 8297 a prime number?
True
Is 149489 prime?
True
Is 155437 composite?
True
Is 775807 composite?
False
Is 33185 prime?
False
Is 3611 a composite number?
True
Is 93089 prime?
True
Is 1407101 a composite number?
False
Is 8491 a prime number?
False
Is 1277 a prime number?
True
Is 1949 a composite number?
False
Is 32483 a prime number?
False
Is 63577 composite?
False
Is 1173859 composite?
True
Is 572749 prime?
True
Is 22817 composite?
False
Is 27941 composite?
False
Is 51967 prime?
False
Is 152335 a composite number?
True
Is 316721 a prime number?
False
Is 488935 prime?
False
Is 173171 composite?
True
Is 180949 composite?
False
Is 217871 a prime number?
False
Is 504479 a prime number?
True
Is 137507 a composite number?
False
Is 12197 composite?
False
Is 25183 a composite number?
False
Is 172001 composite?
False
Is 129793 a prime number?
True
Is 21149 a prime number?
True
Is 249929 prime?
False
Is 456437 a prime number?
False
Is 704657 prime?
True
Is 24571 composite?
False
Is 40399 a prime number?
False
Is 64553 prime?
True
Is 3463 a prime number?
True
Is 31043 composite?
True
Is 13291 composite?
False
Is 410723 composite?
True
Is 15297 a composite number?
True
Is 31177 prime?
True
Is 27533 a prime number?
False
Is 2818 a prime number?
False
Is 190273 a composite number?
True
Is 5039 a prime number?
True
Is 35051 a composite number?
False
Is 231743 composite?
True
Is 188753 prime?
True
Is 89959 composite?
False
Is 117869 a composite number?
True
Is 417185 composite?
True
Is 769511 a prime number?
False
Is 71143 prime?
True
Is 61667 a composite number?
False
Is 101393 a prime number?
False
Is 3457 composite?
False
Is 1576073 a composite number?
False
Is 2599 prime?
False
Is 6616567 a composite number?
False
Is 90667 composite?
True
Is 52937 composite?
False
Is 61283 a composite number?
False
Is 631 a prime number?
True
Is 7367 composite?
True
Is 5393369 a prime number?
False
Is 225733 a prime number?
True
Is 1249 a composite number?
False
Is 37781 composite?
False
Is 83717 a composite number?
False
Is 3791 a composite number?
True
Is 12841 composite?
False
Is 2577583 composite?
False
Is 1465 composite?
True
Is 10453 a prime number?
True
Is 23269 a prime number?
True
Is 2633 a prime number?
True
Is 1543 a prime number?
True
Is 116183 a prime number?
False
Is 6833 prime?
True
Is 99941 prime?
False
Is 597453 prime?
False
Is 19457 prime?
True
Is 15253 a composite number?
True
Is 80371 composite?
True
Is 632453 a prime number?
False
Is 15877 prime?
True
Is 3419 prime?
False
Is 88761 a prime number?
False
Is 55882 a composite number?
True
Is 2199 a prime number?
False
Is 188827 a composite number?
False
Is 19291 a composite number?
True
Is 10937 prime?
True
Is 101567 a prime number?
False
Is 103471 composite?
False
Is 1308457 a composite number?
False
Is 621613 composite?
True
Is 1130471 a prime number?
True
Is 4271 a composite number?
False
Is 4381 a composite number?
True
Is 2447 composite?
False
Is 10393 prime?
False
Is 35477 a composite number?
True
Is 21799 a composite number?
False
Is 6863 a prime number?
True
Is 147341 a prime number?
True
Is 137627 prime?
False
Is 11246 a prime number?
False
Is 37067 a prime number?
False
Is 1343 prime?
False
Is 3659 composite?
False
Is 265037 a composite number?
False
Is 6941 composite?
True
Is 447 prime?
False
Is 9673 a prime number?
False
Is 462983 a composite number?
False
Is 37745 composite?
True
Is 87071 composite?
False
Is 289357 composite?
True
Is 163133 prime?
False
Is 2453 prime?
False
Is 3223 composite?
True
Is 282661 a composite number?
False
Is 65761 prime?
True
Is 4421 prime?
True
Is 21547 a composite number?
True
Is 44399 composite?
True
Is 205307 composite?
False
Is 4441 a composite number?
False
Is 15217 prime?
True
Is 23521 a composite number?
True
Is 943 prime?
False
Is 3709 composite?
False
Is 558451 a prime number?
False
Is 128813 a prime number?
True
Is 16153 a prime number?
False
Is 137533 composite?
True
Is 213701 prime?
False
Is 13291 composite?
False
Is 22609 a composite number?
True
Is 3349 composite?
True
Is 251 a prime number?
True
Is 17621 a composite number?
True
Is 1555 prime?
False
Is 17257 composite?
False
Is 10843 composite?
True
Is 708007 a composite number?
False
Is 287317 prime?
False
Is 11177 a prime number?
True
Is 671699 composite?
True
Is 57557 a composite number?
False
Is 20469 prime?
False
Is 109541 composite?
False
Is 5603 composite?
True
Is 2531779 prime?
False
Is 33521 composite?
False
Is 12589 a prime number?
True
Is 533893 prime?
True
Is 786197 a prime number?
True
Is 93629 a composite number?
False
Is 238318 composite?
True
Is 136933 composite?
True
Is 647189 composite?
False
Is 111917 composite?
True
Is 136501 a prime number?
True
Is 512819 a prime number?
True
Is 3295 a prime number?
False
Is 3595 prime?
False
Is 87793 prime?
True
Is 604913 composite?
True
Is 32957 prime?
True
Is 437629 a composite number?
False
Is 1358689 a prime number?
True
Is 8161 composite?
False
Is 983977 prime?
False
Is 1753 prime?
True
Is 15803 a composite number?
False
Is 1693 prime?
True
Is 174695 prime?
False
Is 41729 prime?
True
Is 100693 a prime number?
True
Is 9053 prime?
False
Is 422 a prime number?
False
Is 1052911 composite?
True
Is 12641 a composite number?
False
Is 15074 a composite number?
True
Is 125123 a prime number?
False
Is 464306 prime?
False
Is 138049 composite?
True
Is 25667 composite?
False
Is 1452827 a composite number?
False
Is 129637 composite?
True
Is 92347 prime?
True
Is 26618 composite?
True
Is 4111 composite?
False
Is 702682 composite?
True